t is the remainder when 41 is divided by l(q)?
5
Let c be 13 - (2/1 - 0). Suppose 11 = 2*t - p, -9 = -2*t + 4*p + c. Calculate the remainder when (0 - t/6)/((-18)/1269) is divided by 8.
7
Suppose -80*j - 60 = -81*j. Suppose -3*k + j = 9. What is the remainder when 82 is divided by k?
14
Let d = -3374 - -4843. Calculate the remainder when d is divided by 104.
13
Let f(m) = -2*m**2 - m + 4. Let u = 15 + -17. Let q be f(u). Let x = q + 22. What is the remainder when x is divided by 11?
9
Let v(h) = -8*h + 17. Let x be v(3). Let t(l) = -4*l - 19. Let b be t(x). Suppose 0*f - 144 = -b*f. What is the remainder when f is divided by 5?
1
Suppose 12 = 4*a, -4*g + 7*g - 3*a = 9. Suppose -5*r = f - 12, -3*r = -f + r - g. Calculate the remainder when 7 is divided by f.
1
Suppose 0 = 2*n - 8 - 164. Suppose -d = -3*a + 13 - 59, d + 5*a - n = 0. Calculate the remainder when 423 is divided by d.
57
Let r = -261 - -243. Let i(z) = z**3 + 16*z**2 - 38*z + 1. What is the remainder when i(r) is divided by 9?
1
Let x be 4179/(-126) - (-3)/18. Let m = x + 83. What is the remainder when m is divided by 30?
20
Let v(x) = x**3 + 16*x**2 + 48*x - 74. What is the remainder when 6491 is divided by v(-11)?
2
Suppose -b = -13 - 5. Let v be ((-10)/4)/(47/282). What is the remainder when (v/(-3) - 0) + 29 is divided by b?
16
Suppose 0 = -u + 1, -3*q - 3*u + 153 = -318. Let o = q - -73. Calculate the remainder when o is divided by 8.
5
Suppose -3*s + p = -61 + 10, -5*s - 2*p + 63 = 0. Suppose 4*b - 5 - 51 = 0. Suppose 64 = 2*c + b. Calculate the remainder when c is divided by s.
10
Calculate the remainder when ((-20)/(-12))/((-220)/(-437976)) is divided by 8.
6
Let v(f) = 11*f**2 + 81*f + 44. What is the remainder when 530 is divided by v(-9)?
118
Let s(h) = 2396*h**3 + 7*h**2 - 23*h + 15. Calculate the remainder when s(1) is divided by 15.
10
Suppose -a - c + 56 = 2, -2*a + 113 = -3*c. Suppose -7*g + 4*w + 60 = -5*g, 3*g + w = a. Calculate the remainder when 119 is divided by g.
19
Let a(y) = 578*y - 2111. Calculate the remainder when a(15) is divided by 193.
190
Let a(i) = 298*i**2 + 331*i + 1287. What is the remainder when a(-4) is divided by 337?
13
Let a(u) = -27*u - 791. Calculate the remainder when a(-35) is divided by 153.
1
Let x(f) = f**3 - 67*f**2 - 355*f - 302. Calculate the remainder when 10495 is divided by x(72).
55
Let q(l) = -l**3 - 17*l**2 - 6*l - 20. Let z be q(-18). Let c = z + -404. What is the remainder when 52 is divided by c?
4
Let h be -2*3/((-12)/(-8)). Let r be (-51)/(-12) - h/(-16). Suppose t + 4*i = -2*t + 68, -r*i + 116 = 5*t. Calculate the remainder when 71 is divided by t.
23
Let s = 66 + 155. Let d(b) = 107*b + 100*b - s*b + 12. Calculate the remainder when d(-5) is divided by 21.
19
What is the remainder when 1238 is divided by (-125510)/(-2849) - (-4)/(-74)?
6
Let n(c) be the third derivative of -7*c**4/12 - 7*c**3/2 + c**2. Suppose -64 - 30 = 35*j + 116. Calculate the remainder when n(j) is divided by 23.
17
Let b(n) = -n**3 - 47*n**2 + 80*n + 244. What is the remainder when b(-49) is divided by 25?
1
Suppose -k - 23 = -3*x - 76, x + 267 = 4*k. Suppose 28 + k = 12*f. Calculate the remainder when 8 is divided by f.
0
Let s(t) = 21*t + 132. Calculate the remainder when s(-4) is divided by 6.
0
Suppose -2*s + 170 = -5*r, 31*s = 27*s + 5*r + 320. Calculate the remainder when 1043 is divided by s.
68
Let c = -8222 + 8255. Let y = 8 - -4. Calculate the remainder when c is divided by y.
9
Let b = -3 - -20. Let o be 2/1 + 0/(8 - 18). Suppose o*x - 13*x = -891. What is the remainder when x is divided by b?
13
Suppose w + m = 8*m - 11, 0 = 3*w + m - 33. Calculate the remainder when 224 is divided by w.
4
Suppose -61 + 49 = 6*m. Suppose 0*l - 2*l = 5*k - 24, 5*k - 48 = -4*l. What is the remainder when (28 - -3) + m/(-2) is divided by l?
8
Suppose 233*r - 5*y = 232*r + 57, 0 = -r - 5*y + 67. Calculate the remainder when 113 is divided by r.
51
Suppose 521*n + 12 = 522*n. What is the remainder when 306 is divided by n?
6
Let w(m) = -2*m**3 - 41*m**2 - 33*m + 30. What is the remainder when w(-22) is divided by 130?
128
Suppose -15 = -i - 5*u, u = 6 - 11. What is the remainder when i is divided by 7?
5
Let m be ((-1174)/6)/(5/(-15) - 0). Suppose -m + 3905 = 42*j. Calculate the remainder when j is divided by (4 - 1)/(6/32).
15
Let t(g) = -2*g + 49. Let p be t(23). Suppose -4*w - 32 = -p*b, -b + 5 = 3*w + 3. Suppose 3*n = n + 74. What is the remainder when n is divided by b?
5
Suppose -u + 4 = h - 0, -18 = -2*h - 4*u. Suppose 11*z + 43 = 21. What is the remainder when 56 is divided by (-2 + (-75)/(-6))/(h/z)?
14
Suppose 30*s - 32835 = 41505. Calculate the remainder when s is divided by 80.
78
Let b be 735/(-4) - (-6 + (-125)/(-20)). Let q = -98 - b. Calculate the remainder when q is divided by 716/16 - -1*3/12.
41
What is the remainder when 814 is divided by (-5)/3*4644/(-180)?
40
Calculate the remainder when 71 is divided by 2*3*(-2)/4*8736/(-468).
15
Let a = 860 + -762. Suppose 0 = 2*z + 4, 2*q - a - 36 = 4*z. What is the remainder when q is divided by 57?
6
Let z = 5976 - 578. Calculate the remainder when z is divided by 146.
142
Let i(d) = -d**3 - 9*d**2 + 5*d + 17. Let o be i(-8). Let r = 91 + o. Suppose r*v - 235 = -95. What is the remainder when 207 is divided by v?
32
Suppose -5*x + 183 = -7. Let y(d) = 0*d - 4 - 2 + 2*d + 7 + 21*d**2. Calculate the remainder when x is divided by y(-1).
18
Let i = -1500 - -1555. What is the remainder when 1649 is divided by i?
54
Let p(j) = -12*j - 256. Let i(h) = 6*h - 6. Let c(s) = 24*s - 24. Let a(v) = 2*c(v) - 9*i(v). What is the remainder when a(-9) is divided by p(-22)?
4
Suppose 7*c = g - 3*g + 1678, 1178 = 5*c - 2*g. What is the remainder when c is divided by 80?
78
Let n = 114 + -106. Suppose -n - 138 = -5*p - 2*g, -5*g + 127 = 4*p. Calculate the remainder when 81 is divided by p.
25
Suppose -296 = -2*t - 2*t. What is the remainder when t is divided by (-32 + 33 + -8)*-3?
11
Let y(g) = g**3 - 6*g**2 - 19*g + 26. Let j be y(8). Suppose 3*d = j*u + 81, -124 + 12 = -4*d + 4*u. Calculate the remainder when d is divided by 8.
1
Suppose 0 = x - 2*r + 15, 3*r - 10 = 5*x + 30. Suppose 5*k + 110 = 6*k. Calculate the remainder when k is divided by (-38)/95 + (-142)/x.
26
Suppose g - 3*g = 0. Suppose -i + 11 = -5*v, g*v + 3*v - 6 = 0. Calculate the remainder when 54 is divided by i.
12
Suppose 14*q - 110 = 4*q. Let b(f) = f**2 - 9*f - 2. Let k be b(q). Let s(d) = -d + 33. Calculate the remainder when s(k) is divided by 8.
5
Let j = -19 + 11. Let d(o) be the second derivative of -5*o**3/6 - 6*o**2 + 36*o. Calculate the remainder when 167 is divided by d(j).
27
Calculate the remainder when 372 is divided by 1240/10 + 2 + -1*5.
9
Suppose -o + 13*p = 8*p - 27, 3*p + 9 = -3*o. Suppose -o*g + 118 = 66. Calculate the remainder when g is divided by 9.
8
What is the remainder when 673 is divided by (-1155)/(-63)*(-234)/(-60)*2?
101
Suppose -x + 2*q - 14 = 19, 4*x - 2*q + 120 = 0. Let p = 256 - x. Suppose 0 = -3*i - 2*i + p. What is the remainder when i is divided by 12?
9
Let n(r) = -9*r - 73. Suppose -5*m - 2*a = 82, 0 = 4*m + a - 23 + 91. Calculate the remainder when n(m) is divided by 6/21 - 416/(-14).
29
Suppose -3*a - a + 84 = 0. Let z = -113 + 494. Suppose 21 = -6*o + z. What is the remainder when o is divided by a?
18
Suppose 5*q = 5*a + 225, -292*q - 36 = -293*q + 4*a. Calculate the remainder when 2012 is divided by q.
44
Let l(o) = 3*o**2 - 4*o + 5. Let a(w) = -w + 1. Let j(b) = 3*a(b) + l(b). Calculate the remainder when 59 is divided by j(3).
3
Let k = -17019 - -17054. What is the remainder when 1151 is divided by k?
31
Suppose 4*y - 6559 = v, -v - 478 - 4442 = -3*y. Calculate the remainder when y is divided by 67.
31
Suppose 58912*f + 264 = 58924*f. Calculate the remainder when 311 is divided by f.
3
Suppose 3*u - 102 - 99 = 0. What is the remainder when (-1066)/(-65) - 16 - (-2646)/10 is divided by u?
64
Let s(w) = 2*w**3 + 9*w**2 - 32*w + 16. What is the remainder when s(4) is divided by 68?
24
Suppose -2*v = -16*v + 271 + 1101. Calculate the remainder when 129 is divided by v.
31
Let d(a) = -a**2 + 13*a - 8. Suppose 0 = 5*l - 4*c - 19, 3*c + 7 = l - c. Calculate the remainder when 168/l - 5 - -3 is divided 